{"id":5472,"date":"2022-07-12T15:48:46","date_gmt":"2022-07-12T19:48:46","guid":{"rendered":"https:\/\/regalosts.cl\/regalos-corporativos\/?post_type=product&#038;p=5472"},"modified":"2025-06-17T12:23:42","modified_gmt":"2025-06-17T16:23:42","slug":"sku-20-96813-botella-metalica-color-negro","status":"publish","type":"product","link":"https:\/\/regalosts.cl\/regalos-corporativos\/product\/sku-20-96813-botella-metalica-color-negro\/","title":{"rendered":"SKU 20-96813-15 Botella met\u00e1lica color negro"},"content":{"rendered":"<p>Botella termo doble c\u00e1mara con mosquet\u00f3n de cord\u00f3n poli\u00e9ster, en caja de cart\u00f3n.<\/p>\n<p>Medidas: alto 25 diametro 6.5 cm<\/p>\n<p>Peso aprox. 285 grs.<\/p>\n<p>Capacidad 500ml<\/p>\n","protected":false},"excerpt":{"rendered":"<p>Botella termo doble c\u00e1mara con mosquet\u00f3n de cord\u00f3n poli\u00e9ster, en caja de cart\u00f3n. Medidas: alto 25 diametro 6.5 cm Peso aprox. 285 grs. Capacidad 500ml<\/p>\n","protected":false},"featured_media":5473,"template":"","meta":{"site-sidebar-layout":"default","site-content-layout":"default","ast-main-header-display":"","ast-hfb-above-header-display":"","ast-hfb-below-header-display":"","ast-hfb-mobile-header-display":"","site-post-title":"","ast-breadcrumbs-content":"","ast-featured-img":"","footer-sml-layout":"","theme-transparent-header-meta":"default","adv-header-id-meta":"","stick-header-meta":"","header-above-stick-meta":"","header-main-stick-meta":"","header-below-stick-meta":""},"product_cat":[111,112,105,38,141,45],"product_tag":[],"_links":{"self":[{"href":"https:\/\/regalosts.cl\/regalos-corporativos\/wp-json\/wp\/v2\/product\/5472"}],"collection":[{"href":"https:\/\/regalosts.cl\/regalos-corporativos\/wp-json\/wp\/v2\/product"}],"about":[{"href":"https:\/\/regalosts.cl\/regalos-corporativos\/wp-json\/wp\/v2\/types\/product"}],"wp:featuredmedia":[{"embeddable":true,"href":"https:\/\/regalosts.cl\/regalos-corporativos\/wp-json\/wp\/v2\/media\/5473"}],"wp:attachment":[{"href":"https:\/\/regalosts.cl\/regalos-corporativos\/wp-json\/wp\/v2\/media?parent=5472"}],"wp:term":[{"taxonomy":"product_cat","embeddable":true,"href":"https:\/\/regalosts.cl\/regalos-corporativos\/wp-json\/wp\/v2\/product_cat?post=5472"},{"taxonomy":"product_tag","embeddable":true,"href":"https:\/\/regalosts.cl\/regalos-corporativos\/wp-json\/wp\/v2\/product_tag?post=5472"}],"curies":[{"name":"wp","href":"https:\/\/api.w.org\/{rel}","templated":true}]}}