{"id":5412,"date":"2022-06-08T10:51:57","date_gmt":"2022-06-08T14:51:57","guid":{"rendered":"https:\/\/regalosts.cl\/regalos-corporativos\/?post_type=product&#038;p=5412"},"modified":"2025-06-17T12:24:34","modified_gmt":"2025-06-17T16:24:34","slug":"sku-20-96823-15-botella-termica","status":"publish","type":"product","link":"https:\/\/regalosts.cl\/regalos-corporativos\/product\/sku-20-96823-15-botella-termica\/","title":{"rendered":"SKU 20-96823-15 Botella t\u00e9rmica"},"content":{"rendered":"<p>Botella t\u00e9rmica doble c\u00e1mara acero inoxidable, en color negro. Capacidad 600cc<\/p>\n","protected":false},"excerpt":{"rendered":"<p>Botella t\u00e9rmica doble c\u00e1mara acero inoxidable, en color negro. Capacidad 600cc<\/p>\n","protected":false},"featured_media":5576,"template":"","meta":{"site-sidebar-layout":"default","site-content-layout":"default","ast-main-header-display":"","ast-hfb-above-header-display":"","ast-hfb-below-header-display":"","ast-hfb-mobile-header-display":"","site-post-title":"","ast-breadcrumbs-content":"","ast-featured-img":"","footer-sml-layout":"","theme-transparent-header-meta":"default","adv-header-id-meta":"","stick-header-meta":"","header-above-stick-meta":"","header-main-stick-meta":"","header-below-stick-meta":""},"product_cat":[108,112,40,46,105,38,37,141,45],"product_tag":[],"_links":{"self":[{"href":"https:\/\/regalosts.cl\/regalos-corporativos\/wp-json\/wp\/v2\/product\/5412"}],"collection":[{"href":"https:\/\/regalosts.cl\/regalos-corporativos\/wp-json\/wp\/v2\/product"}],"about":[{"href":"https:\/\/regalosts.cl\/regalos-corporativos\/wp-json\/wp\/v2\/types\/product"}],"wp:featuredmedia":[{"embeddable":true,"href":"https:\/\/regalosts.cl\/regalos-corporativos\/wp-json\/wp\/v2\/media\/5576"}],"wp:attachment":[{"href":"https:\/\/regalosts.cl\/regalos-corporativos\/wp-json\/wp\/v2\/media?parent=5412"}],"wp:term":[{"taxonomy":"product_cat","embeddable":true,"href":"https:\/\/regalosts.cl\/regalos-corporativos\/wp-json\/wp\/v2\/product_cat?post=5412"},{"taxonomy":"product_tag","embeddable":true,"href":"https:\/\/regalosts.cl\/regalos-corporativos\/wp-json\/wp\/v2\/product_tag?post=5412"}],"curies":[{"name":"wp","href":"https:\/\/api.w.org\/{rel}","templated":true}]}}