{"id":1036,"date":"2020-02-11T17:08:13","date_gmt":"2020-02-11T21:08:13","guid":{"rendered":"https:\/\/www.regalosts.cl\/?post_type=product&#038;p=1036"},"modified":"2025-06-17T14:44:41","modified_gmt":"2025-06-17T18:44:41","slug":"delantal-asado-3-herramientas","status":"publish","type":"product","link":"https:\/\/regalosts.cl\/regalos-corporativos\/product\/delantal-asado-3-herramientas\/","title":{"rendered":"SKU 20-90-15 Set Asado 2 herramientas"},"content":{"rendered":"<p><strong>Set Asado 2 herramientas<\/strong><br \/>\nCuchillo y tenedor en estuche tela raquelada<\/p>\n<div class=\"title\">\n<hr \/>\n<p><strong>M\u00e9todos de impresi\u00f3n sugeridos<\/strong><br \/>\nSerigraf\u00eda<br \/>\nGrabado l\u00e1ser<\/p>\n<\/div>\n","protected":false},"excerpt":{"rendered":"<p>Set Asado 2 herramientas Cuchillo y tenedor en estuche tela raquelada M\u00e9todos de impresi\u00f3n sugeridos Serigraf\u00eda Grabado l\u00e1ser<\/p>\n","protected":false},"featured_media":1034,"template":"","meta":{"site-sidebar-layout":"default","site-content-layout":"default","ast-main-header-display":"","ast-hfb-above-header-display":"","ast-hfb-below-header-display":"","ast-hfb-mobile-header-display":"","site-post-title":"","ast-breadcrumbs-content":"","ast-featured-img":"","footer-sml-layout":"","theme-transparent-header-meta":"default","adv-header-id-meta":"","stick-header-meta":"","header-above-stick-meta":"","header-main-stick-meta":"","header-below-stick-meta":""},"product_cat":[108,107,112,46,105,37],"product_tag":[],"_links":{"self":[{"href":"https:\/\/regalosts.cl\/regalos-corporativos\/wp-json\/wp\/v2\/product\/1036"}],"collection":[{"href":"https:\/\/regalosts.cl\/regalos-corporativos\/wp-json\/wp\/v2\/product"}],"about":[{"href":"https:\/\/regalosts.cl\/regalos-corporativos\/wp-json\/wp\/v2\/types\/product"}],"wp:featuredmedia":[{"embeddable":true,"href":"https:\/\/regalosts.cl\/regalos-corporativos\/wp-json\/wp\/v2\/media\/1034"}],"wp:attachment":[{"href":"https:\/\/regalosts.cl\/regalos-corporativos\/wp-json\/wp\/v2\/media?parent=1036"}],"wp:term":[{"taxonomy":"product_cat","embeddable":true,"href":"https:\/\/regalosts.cl\/regalos-corporativos\/wp-json\/wp\/v2\/product_cat?post=1036"},{"taxonomy":"product_tag","embeddable":true,"href":"https:\/\/regalosts.cl\/regalos-corporativos\/wp-json\/wp\/v2\/product_tag?post=1036"}],"curies":[{"name":"wp","href":"https:\/\/api.w.org\/{rel}","templated":true}]}}