{"id":1022,"date":"2020-03-09T12:50:36","date_gmt":"2020-03-09T16:50:36","guid":{"rendered":"https:\/\/www.regalosts.cl\/?post_type=product&#038;p=1022"},"modified":"2025-06-17T14:34:19","modified_gmt":"2025-06-17T18:34:19","slug":"placa-metalica-ovalada-45-x-25-mm","status":"publish","type":"product","link":"https:\/\/regalosts.cl\/regalos-corporativos\/product\/placa-metalica-ovalada-45-x-25-mm\/","title":{"rendered":"SKU 20-52-15 Placa met\u00e1lica ovalada 45 X 25 MM"},"content":{"rendered":"<p><strong>Placa Met\u00e1lica Ovala<\/strong><br \/>\n<strong>Para ser aplicada en cualquier tipo:<br \/>\n<\/strong>&#8211; maleta<br \/>\n&#8211; mochila<br \/>\n&#8211; bolso<br \/>\n<strong>Dos aletas insertables en tela.\u00a0<\/strong><\/p>\n<table>\n<tbody>\n<tr>\n<td><b>Largo<\/b><\/td>\n<td><b>Alto<\/b><\/td>\n<td><b>Ancho<\/b><\/td>\n<td><b>Espesor<\/b><\/td>\n<td><b>Di\u00e1metro<\/b><\/td>\n<\/tr>\n<tr>\n<td><b>4<\/b><\/td>\n<td><b>2,5<\/b><\/td>\n<td><b>0<\/b><\/td>\n<td><b>1,5<\/b><\/td>\n<td><b>0<\/b><\/td>\n<\/tr>\n<\/tbody>\n<\/table>\n<hr \/>\n<p><strong>Tipo de impresi\u00f3n sugerida:<\/strong><br \/>\nSerigraf\u00eda<br \/>\nGrabado<br \/>\nImpresi\u00f3n Digital<br \/>\n<b>Area m\u00e1x. imprimible de 34 mm de ancho x alto proporcional, aprox.<\/b><\/p>\n","protected":false},"excerpt":{"rendered":"<p>Placa Met\u00e1lica Ovala Para ser aplicada en cualquier tipo: &#8211; maleta &#8211; mochila &#8211; bolso Dos aletas insertables en tela.\u00a0 Largo Alto Ancho Espesor Di\u00e1metro 4 2,5 0 1,5 0 Tipo de impresi\u00f3n sugerida: Serigraf\u00eda Grabado Impresi\u00f3n Digital Area m\u00e1x. imprimible de 34 mm de ancho x alto proporcional, aprox.<\/p>\n","protected":false},"featured_media":1255,"template":"","meta":{"site-sidebar-layout":"default","site-content-layout":"default","ast-main-header-display":"","ast-hfb-above-header-display":"","ast-hfb-below-header-display":"","ast-hfb-mobile-header-display":"","site-post-title":"","ast-breadcrumbs-content":"","ast-featured-img":"","footer-sml-layout":"","theme-transparent-header-meta":"","adv-header-id-meta":"","stick-header-meta":"","header-above-stick-meta":"","header-main-stick-meta":"","header-below-stick-meta":""},"product_cat":[92,112],"product_tag":[],"_links":{"self":[{"href":"https:\/\/regalosts.cl\/regalos-corporativos\/wp-json\/wp\/v2\/product\/1022"}],"collection":[{"href":"https:\/\/regalosts.cl\/regalos-corporativos\/wp-json\/wp\/v2\/product"}],"about":[{"href":"https:\/\/regalosts.cl\/regalos-corporativos\/wp-json\/wp\/v2\/types\/product"}],"wp:featuredmedia":[{"embeddable":true,"href":"https:\/\/regalosts.cl\/regalos-corporativos\/wp-json\/wp\/v2\/media\/1255"}],"wp:attachment":[{"href":"https:\/\/regalosts.cl\/regalos-corporativos\/wp-json\/wp\/v2\/media?parent=1022"}],"wp:term":[{"taxonomy":"product_cat","embeddable":true,"href":"https:\/\/regalosts.cl\/regalos-corporativos\/wp-json\/wp\/v2\/product_cat?post=1022"},{"taxonomy":"product_tag","embeddable":true,"href":"https:\/\/regalosts.cl\/regalos-corporativos\/wp-json\/wp\/v2\/product_tag?post=1022"}],"curies":[{"name":"wp","href":"https:\/\/api.w.org\/{rel}","templated":true}]}}